common factor of j and 4?
2
Let h be 6*3/4*6. Suppose -2*t - 90 = -u + 123, 507 = 3*u + 5*t. Calculate the highest common factor of u and h.
27
Let p(d) = 41*d + 4823. Let m be p(-57). What is the highest common factor of 242 and m?
22
Let x be (30/20)/((-6)/(-8)). Suppose x = 4*m + 26. Let k be (11/m + 7/42)*-48. Calculate the highest common factor of k and 10.
10
Let u(v) = v**3 + 6*v**2 + 6*v + 1. Let o be u(-4). Let n(g) = -6*g**2 + 4*g + 34. Let q be n(2). Calculate the greatest common factor of q and o.
9
Let w be 2/(-3) + (-11)/((-33)/650). Calculate the greatest common divisor of 2646 and w.
54
Suppose -5*s - 5*i + 37 = -3*i, 3*s - 23 = -i. Suppose -s*l - 306 = -26*l. What is the greatest common divisor of 30 and l?
6
Let g = -110 - -76. Let b = 66 + g. Calculate the highest common divisor of b and 2.
2
Suppose 2*b + 22 = 4*t, -42*b = -40*b + 3*t - 27. Let r(x) = 5*x**2 + 3*x + 1. Let n be r(-5). Calculate the highest common divisor of b and n.
3
Let w = 37035 + -36881. Let t be -1 - (-4)/((-4)/(-15)). What is the highest common factor of w and t?
14
Let c(b) = 7*b**2 + b + 6. Let f be c(3). Suppose 5*i + 3*k - 44 = 0, 4*k = 2*i - 4*i + 26. Suppose i*u = u + f. What is the highest common divisor of u and 6?
6
Let q be (19/(380/1032))/((-2)/(-10)). Let j = 282 - q. What is the greatest common factor of 8 and j?
8
Suppose 3*a + 4309 = 4330. Suppose 0 = -2*g + 6*g. Suppose -4*j = -s - 116, 0 = 2*j - 2*s - g*s - 64. Calculate the greatest common factor of j and a.
7
Suppose 0 = -5*i + 5, -5*d + 3*i = -315 + 78. Suppose 61*j - d*j = 39. What is the greatest common factor of 174 and j?
3
Suppose 91*s = -141*s + 518288. Calculate the highest common divisor of s and 4.
2
Let j be ((-14)/(-4) - (-150)/(-100)) + 68 + -6. Let t = 5 + 3. Calculate the greatest common divisor of j and t.
8
Suppose 2*o = 78 + 262. Suppose t = 6 - 3, -5*t = l - 48. Let f be 2/1 - (4 + (14 - l)). Calculate the highest common factor of f and o.
17
Suppose 36*h - 76*h + 31280 = 0. What is the greatest common divisor of 68 and h?
34
Suppose 3*c - 705 = -3*u + 852, 6*c - 2*u = 3146. Calculate the highest common divisor of 13 and c.
1
Let t = -13440 - -14222. Let v = 57 + -23. What is the greatest common factor of t and v?
34
Let g(s) = -588*s + 16804. Let a be g(28). Let h be ((-4)/1)/2*-10. Calculate the highest common factor of a and h.
20
Let s = 1965 - 1790. What is the highest common factor of 5425 and s?
175
Let q be 1506/15*(-35)/21*-3. Let f = -295 + q. Calculate the highest common divisor of f and 23.
23
Let u be (-160)/(-28) - 2/(-7) - -1. Suppose 8*o - 9*o = -28. What is the greatest common divisor of o and u?
7
Suppose r - 8707 = -5*g - 2468, -3 = g. Calculate the highest common divisor of 106 and r.
106
Suppose 0 = -0*c + 2*c + 2. Let f be 48 - -2*(-1)/c. What is the greatest common divisor of 150 and f?
50
Let r = 65 + -61. Suppose -4*k = h - r*h - 732, 2*k - 5*h - 380 = 0. Let x = -47 - -92. Calculate the highest common factor of x and k.
45
Suppose -2*i = -3*n - 134, 5*i + 153*n - 293 = 150*n. Calculate the highest common factor of 3 and i.
1
Let m(o) = 45*o + 1862. Let u be m(-41). Calculate the greatest common divisor of u and 229.
1
Suppose -2*n = -z + 6 - 3, -2*n - 21 = 5*z. Let m be (z + -2 - -8) + 42/3. What is the highest common factor of m and 102?
17
Let a(y) = y**3 - 4*y**2 - 80*y - 5. Let u be a(-6). What is the highest common factor of 989 and u?
23
Let p(f) = 3*f**2 + f + 77. Let s be p(-11). What is the greatest common divisor of s and 330?
33
Suppose -2*k + 534 = 18*n, -3*k = -17*n + 20*n - 81. What is the greatest common divisor of 5970 and n?
30
Let z(h) = -56 + 25 + 21 + 6*h + 21 + h**2. Let x be z(7). Calculate the highest common factor of x and 918.
102
Let b = -1063 - -2043. What is the greatest common divisor of 40 and b?
20
Let v(u) = 2*u**3 - 114*u**2 - 6*u + 103. Let p be v(59). Calculate the highest common factor of 121 and p.
121
Suppose 0 = -4*g + 176 + 4. Let v = 6 + 7. Suppose 0 = 2*d - 23 - v. What is the greatest common factor of d and g?
9
Suppose 0 = 7*j - 225 + 71. Let p be (-138)/184 - 798/(-8). Calculate the highest common divisor of j and p.
11
Suppose -31 = -4*s + 21. Suppose 15 = n - 3*p + p, 5*n - 3*p = 61. Let u = s - n. Calculate the highest common divisor of 22 and u.
2
Let b = -76 - -81. Let j be 0*(1 + 0) - -2. Suppose -7 = 3*u - b*x - 20, -4*u + j*x = -8. Calculate the greatest common divisor of u and 8.
1
Suppose 4*s - 9*s - 4*u = -560, 4*s + 4*u = 448. What is the highest common factor of 14 and s?
14
Let b = 12157 + -12143. What is the greatest common factor of 3073 and b?
7
Let i(q) = -q - 14. Let v be i(-14). Suppose 0 = -2*n + 10 - v. Let u(x) = -x**2 + 10*x - 5. Let h be u(n). Calculate the greatest common divisor of 60 and h.
20
Let r = 27224 + -27007. What is the highest common divisor of 14 and r?
7
Suppose 107 = 130*h - 831 - 882. Let y = 115 - 81. Suppose 8*d - y = -a + 4*d, 0 = -a + 4*d + 50. What is the highest common divisor of a and h?
14
Let i(z) = -5*z - 42*z**2 - 46*z**2 - z - 17 - z**3 + 96*z**2. Let b be i(6). Suppose b*j + 3 = 20*j. Calculate the highest common divisor of j and 33.
3
Let o be ((-15)/5 + 17)/((-2)/(-31)). Calculate the highest common factor of 56 and o.
7
Let x = -741 - -761. Let f be (3 + -1 - -108)*8/x. What is the highest common factor of f and 374?
22
Let w(l) = l**3 - 24*l**2 - 248*l - 173. Let u be w(33). What is the greatest common factor of u and 532?
76
Let w(c) be the third derivative of -7*c**4/2 - 194*c**3/3 + 24*c**2 - 8*c. Let s be w(-5). What is the highest common factor of s and 64?
32
Suppose 4 = c - 0. Let x(j) be the third derivative of 5*j**4/24 - 17*j**3/6 + 20*j**2. Let q be x(9). What is the greatest common factor of c and q?
4
Let r(d) = -d**3 - 24*d**2 - 54*d + 22. Let x be r(-21). Let f = x - -331. What is the highest common factor of 82 and f?
82
Let i be ((54/15)/3)/(5/325). What is the highest common factor of i and 9906?
78
Suppose -2*j + 684 = 2*z, 0 = -8*j + 3*j + 4*z + 1746. Let d = j - 341. What is the greatest common factor of d and 7?
1
Let v = 4122 - 3902. Let n(t) = -t**2 + 8*t + 20. Let g be n(0). Calculate the highest common factor of v and g.
20
Let l(v) = 2*v + 28. Let g be l(-13). Suppose 0 = -5*j - g*a + 137 + 43, 4*a + 14 = j. Calculate the highest common divisor of 102 and j.
34
Suppose -f + 18 = 4. Suppose -3*h + 111 = -5*d - 29, -h - 4*d = -58. Let w be f/5 - (-10)/h. Calculate the greatest common factor of 12 and w.
3
Let z = 142 + -140. Suppose -5*h = -z*w - 60 - 123, 0 = 5*w + 20. What is the greatest common divisor of 63 and h?
7
Let f(n) = 3*n**2 - 7*n + 8. Let m be f(2). Suppose 3*i + 946 = 2*y, 4*y - 7*i = -m*i + 1892. Calculate the greatest common divisor of y and 43.
43
Let l = 17 - 56. Let c = l + 167. What is the highest common factor of c and 48?
16
Let j = 21 + -15. Let t be 428/24 - (-1)/j. Let d be -2 + (t - 2) - 1/(-1). What is the greatest common factor of 105 and d?
15
Let h = -27 - -27. Suppose 0 = 4*d - h*d + 4*f + 12, 4*d = -3*f - 12. Let q be (-1 - d/(-2))*(-11 + 9). Calculate the greatest common divisor of 5 and q.
5
Suppose 0 = y - 2*c - 7, -4*y + c + 3*c = -24. Suppose 1 + 24 = -y*b. Let x(l) = -12*l + 6. Let g be x(b). What is the highest common divisor of g and 165?
33
Suppose 8*i - 16288 = -2*l, -l - 8144 = 32*i - 36*i. Calculate the greatest common factor of 4 and i.
4
Let p(w) = -w**2 - 26*w - 158. Let l be p(-10). What is the highest common divisor of l and 10?
2
Let c(u) = -123*u - 318. Let w(o) = 62*o + 159. Let s(n) = -3*c(n) - 7*w(n). Let z be s(-3). Calculate the greatest common factor of z and 81.
9
Suppose 3*z - 3*m - 60 = 0, -34*z = -30*z + 3*m - 45. Let q be ((-6)/z)/(4/(-220)). What is the greatest common factor of q and 374?
22
Let g = -1590 - -3336. What is the greatest common factor of 18 and g?
18
Suppose 10083 = 13*p + 9823. Suppose 412 + 308 = 4*y. What is the greatest common factor of p and y?
20
Let u be (-24)/(120/(-25)) + 13. Calculate the greatest common divisor of 5877 and u.
9
Suppose 2*s - 612 = -4*y, s - 4*y = -128 + 476. Calculate the greatest common divisor of 3584 and s.
64
Let j be 5*9*(-6)/(-5). Let v = -501916 + 501988. Calculate the greatest common divisor of